ided by 38?
33
Let d = 527 - 514. What is the remainder when 160 + 0*(-3 + (-42)/(-12)) is divided by d?
4
Let q be ((-246)/8)/((-12)/16). Suppose -139 - q = -2*z. What is the remainder when z is divided by 23?
21
Let d = -668 + 682. Calculate the remainder when 1030/d - (-48)/(-84) is divided by 19.
16
Let s = -334 + 392. Suppose 0 = 5*f + s - 168. What is the remainder when 101 is divided by f?
13
What is the remainder when (1 + -4)*11/4*-68 is divided by 75?
36
Suppose -4*s + 4 = 4*g, -5*s + 10 = -s - 2*g. Suppose -74 + s = -l. Let t(j) = -107*j - 2958. Calculate the remainder when l is divided by t(-28).
34
Suppose 8 - 65 = -4*q - g, -57 = -3*q + 4*g. Suppose -8*k + 61 = -33*x + 36*x, 4*x - k - 93 = 0. What is the remainder when x is divided by q?
8
Let i = 4199 - 3959. What is the remainder when 730 is divided by i?
10
Let z(r) = 3*r**2 + 127*r + 1004. What is the remainder when 33263 is divided by z(-34)?
153
Let k(m) = -37*m + 33. Let u be (-9)/6 + 5/(-10). Let y(x) = 9*x - 8. Let o(c) = u*k(c) - 9*y(c). Calculate the remainder when 51 is divided by o(-3).
24
Suppose -v + 1 + 9 = -5*u, 0 = -2*u + 3*v + 9. Let y be (-3 + 6)/(u/(-14)). Suppose -y*b + 19*b - 110 = 0. Calculate the remainder when b is divided by 13.
9
Suppose 2*w + 5*w = 365 + 1161. Calculate the remainder when 479 is divided by w.
43
Suppose 0 = -23*u + 454 + 305. Suppose -c + 104 = 4*m, -5*c + 45 = 3*m - u. Calculate the remainder when m is divided by 10.
6
Let l(w) be the third derivative of w**4/24 - 11*w**3/3 - 32*w**2. Let a = 96 + -57. Calculate the remainder when a is divided by l(42).
19
Let s = -247 + 292. Suppose 0 = -5*n + 2*l + s, 2*l + 38 = 4*n - 0*l. What is the remainder when 18 is divided by n?
4
Calculate the remainder when 73/((-5475)/90)*-300 is divided by 131.
98
Calculate the remainder when 117 is divided by (-540)/(-6) + 7*132/84.
16
Let o be (-3 - (-10 - -3))*26. Suppose o*g + 201 = 107*g. What is the remainder when g is divided by 12?
7
Suppose -285 = 9*x - 285. Suppose x = 4*l - 62 - 162. What is the remainder when 278 is divided by l?
54
Suppose -3*p = -3, w = -p + 410 - 393. Calculate the remainder when 55 is divided by w.
7
Let w(x) be the second derivative of -11*x**3/6 - 5*x**2 - 67*x. What is the remainder when w(-7) is divided by 12?
7
Let v = -44 + 49. Suppose -3*y + 20 = -t, 40 = 4*y - 5*t - v. Suppose 0 = 3*q - y*q - 4*d + 54, 55 = 2*q + 5*d. What is the remainder when 49 is divided by q?
24
Suppose v - 1184 = -36*v. Let o(b) = -2*b**2 - 77*b - 60. What is the remainder when o(-36) is divided by v?
24
Let t = -790 + 430. Let p = 373 + t. Let g = -11 + 16. What is the remainder when p is divided by g?
3
Suppose 2*y + 16 = -2*v, 5*v - 18 + 40 = y. What is the remainder when 1/y + 2 + (-4186)/(-21) is divided by 34?
31
Let f(c) = 54*c - 161. Let z(u) = 53*u - 160. Let q(g) = 5*f(g) - 4*z(g). Calculate the remainder when q(5) is divided by 9.
8
Calculate the remainder when 325 is divided by ((-661)/(-20) - (-4)/(-16))/((-4)/(-10)).
79
Let d = 21 + 83. Calculate the remainder when d is divided by (-3 - -27*1/4)*(-9828)/(-1365).
23
Let m = -2454 - -2562. Calculate the remainder when 513 is divided by m.
81
Suppose 3 + 19 = 2*p + 4*v, -2*p - 5*v = -24. Suppose -184 + p = -3*w. Calculate the remainder when w is divided by 30.
29
Suppose -5*v = 2*v + 994. Let d = -137 - v. Calculate the remainder when 27 is divided by d.
2
Let g be 5 + -2 + (-1 - -2). Suppose -g*x - 3022 = -414. Calculate the remainder when x/(-8)*(0 + 2) is divided by 41.
40
Suppose -1373*f - 1175 = -1378*f. Calculate the remainder when 708 is divided by f.
3
Let v(k) = -k**3 - 6*k**2 + 3*k + 4. Calculate the remainder when v(-7) is divided by -7 + (17 - (-14 + 7)).
15
Let z = -2336 - -2433. Calculate the remainder when 482 is divided by z.
94
Suppose 3*y - j - 373 = 0, 512 = -30*y + 34*y - 5*j. Let f = 136 - y. Calculate the remainder when (-127)/(-3)*(1 + 2) is divided by f.
10
Suppose 309 + 183 = 4*z - 4*x, 0 = 2*z - x - 254. What is the remainder when 653 is divided by z?
129
Let d(c) = 5*c**2 - 2*c**2 - 6 - 5*c + c - 2*c**2. What is the remainder when d(7) is divided by 8*(245/28 + -8)?
3
Let d = -70 + 128. Let u = -64 + d. Calculate the remainder when (-1 - 8/u) + 539/3 is divided by 26.
24
Let g(d) be the second derivative of d**4/6 - 7*d**3/6 - 9*d**2/2 - 6*d. Calculate the remainder when g(8) is divided by (-111)/(-12) + -2 + 9/12.
7
Let l(i) = -335*i + 17105. Let b(o) = o**3 - 2. What is the remainder when l(51) is divided by b(2)?
2
Suppose 5*h - 10 = -2*v, 2*h - 9*v + 4*v - 4 = 0. Suppose 64 = 4*f - 4*n, f - 10 = h*n + 7. Calculate the remainder when 253 is divided by f.
13
Let h(b) = -3*b - 24. What is the remainder when 3345 is divided by h(-26)?
51
Let x be 14/(-21) - 13/3. Calculate the remainder when -3*(-3)/(-9)*x is divided by 4.
1
Suppose -4*a + 3*d = -0*d - 663, -a + 3*d + 159 = 0. Suppose 6*p + 2*p - a = 0. What is the remainder when 187 is divided by p?
19
Let s(p) = -6*p + 76. Let u be s(14). Let n(a) = 2*a**2 + 9*a - 6. Let v(w) = 3*w**2 + 2*w - 3. Calculate the remainder when n(u) is divided by v(-3).
14
Suppose 411*w = 409*w - 3*u + 30, 5*w - 92 = u. Calculate the remainder when 587 is divided by w.
11
Let x = -5149 - -5154. What is the remainder when 3194 is divided by x?
4
Let o = 25241 - 24254. What is the remainder when o is divided by 145?
117
Let h = 12 - 1. Let i(b) = -2*b**3 - 13*b**2 - 17*b - 23. Calculate the remainder when i(-6) is divided by h.
10
Let j(s) = 4*s**3 + 13*s**2 + 4*s + 11. Calculate the remainder when 174 is divided by j(-3).
6
Suppose -19*t = 66 - 209 - 275. Calculate the remainder when 404 is divided by t.
8
Suppose 5*t = 4*t + 10. Suppose -4*u + 10 = -t. Suppose -6*y - 3*w = -y - 59, -3*y + 37 = w. Calculate the remainder when y is divided by u.
3
Let r(j) = -j**3 + 13*j**2 - j + 30. Let g(x) = -11*x - 42. Let h be g(-5). What is the remainder when 79 is divided by r(h)?
11
Suppose 2*i = 2*k + 888, k = -3*k - i - 1801. Let y = -11 - k. Calculate the remainder when y is divided by 63.
60
What is the remainder when 120/9*4104/288 is divided by 121?
69
Suppose -1160*f + 1156*f = -5*i - 2, 0 = f - 3*i + 3. Suppose 67 = 5*t + 4*c, 0*c - 8 = 4*c. What is the remainder when t is divided by f?
0
Suppose -4*x + 2 = 6, 165 = w - 4*x. What is the remainder when 479 is divided by w?
157
Calculate the remainder when 1902 is divided by (-1)/8*(-24 + -128 + 16).
15
Let j(d) = -d + 2. Let u(g) = -28 + 13 + 14. Let p(t) = -2*j(t) - 3*u(t). Calculate the remainder when 22 is divided by p(4).
1
Let j(m) = -m**3 - 16*m**2 - 29*m - 178. What is the remainder when 228 is divided by j(-15)?
4
Calculate the remainder when 689 is divided by 380/(-1045) - 6410/(-22).
107
Let m(w) = w + 2. Let g be m(1). Suppose -2*u - 1 = t, 2 = -g*u - 7. Suppose -t*r = -4*r - 5. Calculate the remainder when 6 is divided by r.
1
Calculate the remainder when 94 is divided by 858/65*100/15.
6
Let v be 1286/(-10)*-3 - 5/(-25). Let s = 454 - v. Calculate the remainder when s is divided by 14.
12
Let x be ((-4)/(-3))/(18/(-189)). Let q = 25 + x. What is the remainder when q is divided by (-2)/(-2) + 7/(21/18)?
4
Suppose 0 = 3*g - 9, f - 3*g - 910 = -5*g. Let u = -888 + f. Calculate the remainder when (-678)/(-22) - 2/(-11) is divided by u.
15
Let n = 42 + 6. Let s = 150 - 131. Calculate the remainder when n is divided by s.
10
Suppose n = -35 + 121. Suppose 3*q = 3*k + 174, 1 + 7 = 2*q. Let t = k + n. Calculate the remainder when 158 is divided by t.
30
Let j = -1466 + 1495. Calculate the remainder when 402 is divided by j.
25
Let d = -93 + 95. What is the remainder when 71 is divided by (-7 + d)*174/(-30)?
13
Calculate the remainder when ((-604)/14*(-7)/4)/((-2)/(-8)) is divided by 34.
30
Let f(t) = t**3 - 6*t**2 + 3*t - 12. Let o be f(6). Suppose 96 = 3*i + o. What is the remainder when 21 is divided by 8/(-10)*i/(-12)*3?
3
Let b be 506/(-5)*(45/10 + -7). Let z = -11 - -15. Suppose -b = -z*u + 15. What is the remainder when u is divided by 34?
33
Suppose 0*z - 111 = -3*z. Let s = z - 20. Let j(k) = 7*k + 94. Calculate the remainder when s is divided by j(-12).
7
Calculate the remainder when 25339 is divided by 28 - (-15 + 20 + 13).
9
Suppose 62 = 2*q + 16. Suppose 